{"id":138,"date":"2021-02-10T01:43:57","date_gmt":"2021-02-10T01:43:57","guid":{"rendered":"http:\/\/diarioelrapsoda.com\/?page_id=138"},"modified":"2023-11-17T18:49:17","modified_gmt":"2023-11-17T18:49:17","slug":"directorio","status":"publish","type":"page","link":"https:\/\/diarioelrapsoda.com\/index.php\/directorio\/","title":{"rendered":"CONTACTANOS"},"content":{"rendered":"\t\t<div data-elementor-type=\"wp-page\" data-elementor-id=\"138\" class=\"elementor elementor-138\">\n\t\t\t\t\t\t<section class=\"elementor-section elementor-top-section elementor-element elementor-element-7b1e8b83 elementor-section-content-middle elementor-section-boxed elementor-section-height-default elementor-section-height-default\" data-id=\"7b1e8b83\" data-element_type=\"section\" data-e-type=\"section\" data-settings=\"{&quot;background_background&quot;:&quot;classic&quot;}\">\n\t\t\t\t\t\t<div class=\"elementor-container elementor-column-gap-no\">\n\t\t\t\t\t<div class=\"elementor-column elementor-col-100 elementor-top-column elementor-element elementor-element-71cb4cb5\" data-id=\"71cb4cb5\" data-element_type=\"column\" data-e-type=\"column\">\n\t\t\t<div class=\"elementor-widget-wrap elementor-element-populated\">\n\t\t\t\t\t\t<div class=\"elementor-element elementor-element-26e59b5c elementor-widget elementor-widget-heading\" data-id=\"26e59b5c\" data-element_type=\"widget\" data-e-type=\"widget\" data-widget_type=\"heading.default\">\n\t\t\t\t<div class=\"elementor-widget-container\">\n\t\t\t\t\t<h1 class=\"elementor-heading-title elementor-size-large\">Contactanos o escribenos<\/h1>\t\t\t\t<\/div>\n\t\t\t\t<\/div>\n\t\t\t\t<div class=\"elementor-element elementor-element-7720171 elementor-widget elementor-widget-heading\" data-id=\"7720171\" data-element_type=\"widget\" data-e-type=\"widget\" data-widget_type=\"heading.default\">\n\t\t\t\t<div class=\"elementor-widget-container\">\n\t\t\t\t\t<h6 class=\"elementor-heading-title elementor-size-default\">(55) 57-42-92-48<\/h6>\t\t\t\t<\/div>\n\t\t\t\t<\/div>\n\t\t\t\t<div class=\"elementor-element elementor-element-a76914a elementor-widget elementor-widget-spacer\" data-id=\"a76914a\" data-element_type=\"widget\" data-e-type=\"widget\" data-widget_type=\"spacer.default\">\n\t\t\t\t<div class=\"elementor-widget-container\">\n\t\t\t\t\t\t\t<div class=\"elementor-spacer\">\n\t\t\t<div class=\"elementor-spacer-inner\"><\/div>\n\t\t<\/div>\n\t\t\t\t\t\t<\/div>\n\t\t\t\t<\/div>\n\t\t\t\t<div class=\"elementor-element elementor-element-c955eb4 elementor-align-center elementor-mobile-align-center elementor-icon-list--layout-traditional elementor-list-item-link-full_width elementor-widget elementor-widget-icon-list\" data-id=\"c955eb4\" data-element_type=\"widget\" data-e-type=\"widget\" data-widget_type=\"icon-list.default\">\n\t\t\t\t<div class=\"elementor-widget-container\">\n\t\t\t\t\t\t\t<ul class=\"elementor-icon-list-items\">\n\t\t\t\t\t\t\t<li class=\"elementor-icon-list-item\">\n\t\t\t\t\t\t\t\t\t\t\t<span class=\"elementor-icon-list-icon\">\n\t\t\t\t\t\t\t<i aria-hidden=\"true\" class=\"fab fa-whatsapp\"><\/i>\t\t\t\t\t\t<\/span>\n\t\t\t\t\t\t\t\t\t\t<span class=\"elementor-icon-list-text\">solo v\u00eda WHATSapp<\/span>\n\t\t\t\t\t\t\t\t\t<\/li>\n\t\t\t\t\t\t<\/ul>\n\t\t\t\t\t\t<\/div>\n\t\t\t\t<\/div>\n\t\t\t\t<div class=\"elementor-element elementor-element-58ad0d8 elementor-widget elementor-widget-heading\" data-id=\"58ad0d8\" data-element_type=\"widget\" data-e-type=\"widget\" data-widget_type=\"heading.default\">\n\t\t\t\t<div class=\"elementor-widget-container\">\n\t\t\t\t\t<h6 class=\"elementor-heading-title elementor-size-default\">(55) 40-56-04-25<\/h6>\t\t\t\t<\/div>\n\t\t\t\t<\/div>\n\t\t\t\t<div class=\"elementor-element elementor-element-2efa8d0 elementor-widget elementor-widget-heading\" data-id=\"2efa8d0\" data-element_type=\"widget\" data-e-type=\"widget\" data-widget_type=\"heading.default\">\n\t\t\t\t<div class=\"elementor-widget-container\">\n\t\t\t\t\t<h6 class=\"elementor-heading-title elementor-size-default\">gdorianeditorial@gmail.com<\/h6>\t\t\t\t<\/div>\n\t\t\t\t<\/div>\n\t\t\t\t<div class=\"elementor-element elementor-element-47035d2d elementor-widget elementor-widget-heading\" data-id=\"47035d2d\" data-element_type=\"widget\" data-e-type=\"widget\" data-widget_type=\"heading.default\">\n\t\t\t\t<div class=\"elementor-widget-container\">\n\t\t\t\t\t<h3 class=\"elementor-heading-title elementor-size-default\">Rio blanco#309-bis,col.Ampliaci\u00f3n  vicente villada,cd.nezahualc\u00f3yotl,estado de m\u00e9xico<\/h3>\t\t\t\t<\/div>\n\t\t\t\t<\/div>\n\t\t\t\t<div class=\"elementor-element elementor-element-2240d396 elementor-widget elementor-widget-google_maps\" data-id=\"2240d396\" data-element_type=\"widget\" data-e-type=\"widget\" data-widget_type=\"google_maps.default\">\n\t\t\t\t<div class=\"elementor-widget-container\">\n\t\t\t\t\t\t\t<div class=\"elementor-custom-embed\">\n\t\t\t<iframe loading=\"lazy\"\n\t\t\t\t\tsrc=\"https:\/\/maps.google.com\/maps?q=Rio%20blanco%23309&#038;t=m&#038;z=13&#038;output=embed&#038;iwloc=near\"\n\t\t\t\t\ttitle=\"Rio blanco#309\"\n\t\t\t\t\taria-label=\"Rio blanco#309\"\n\t\t\t><\/iframe>\n\t\t<\/div>\n\t\t\t\t\t\t<\/div>\n\t\t\t\t<\/div>\n\t\t\t\t<div class=\"elementor-element elementor-element-e5f4c7e elementor-widget elementor-widget-heading\" data-id=\"e5f4c7e\" data-element_type=\"widget\" data-e-type=\"widget\" data-widget_type=\"heading.default\">\n\t\t\t\t<div class=\"elementor-widget-container\">\n\t\t\t\t\t<h1 class=\"elementor-heading-title elementor-size-large\">Nuestras redes sociales<\/h1>\t\t\t\t<\/div>\n\t\t\t\t<\/div>\n\t\t\t\t<div class=\"elementor-element elementor-element-15bda6c4 elementor-shape-circle elementor-grid-0 e-grid-align-center elementor-widget elementor-widget-social-icons\" data-id=\"15bda6c4\" data-element_type=\"widget\" data-e-type=\"widget\" data-widget_type=\"social-icons.default\">\n\t\t\t\t<div class=\"elementor-widget-container\">\n\t\t\t\t\t\t\t<div class=\"elementor-social-icons-wrapper elementor-grid\" role=\"list\">\n\t\t\t\t\t\t\t<span class=\"elementor-grid-item\" role=\"listitem\">\n\t\t\t\t\t<a class=\"elementor-icon elementor-social-icon elementor-social-icon-facebook-f elementor-animation-grow elementor-repeater-item-9c86cde\" href=\"https:\/\/www.facebook.com\/profile.php?id=61551420305420&#038;mibextid=ZbWKwL\" target=\"_blank\">\n\t\t\t\t\t\t<span class=\"elementor-screen-only\">Facebook-f<\/span>\n\t\t\t\t\t\t<i aria-hidden=\"true\" class=\"fab fa-facebook-f\"><\/i>\t\t\t\t\t<\/a>\n\t\t\t\t<\/span>\n\t\t\t\t\t\t\t<span class=\"elementor-grid-item\" role=\"listitem\">\n\t\t\t\t\t<a class=\"elementor-icon elementor-social-icon elementor-social-icon-twitter elementor-animation-grow elementor-repeater-item-7f0e5c7\" target=\"_blank\">\n\t\t\t\t\t\t<span class=\"elementor-screen-only\">Twitter<\/span>\n\t\t\t\t\t\t<i aria-hidden=\"true\" class=\"fab fa-twitter\"><\/i>\t\t\t\t\t<\/a>\n\t\t\t\t<\/span>\n\t\t\t\t\t\t\t<span class=\"elementor-grid-item\" role=\"listitem\">\n\t\t\t\t\t<a class=\"elementor-icon elementor-social-icon elementor-social-icon-envelope elementor-animation-grow elementor-repeater-item-8402ac0\" href=\"http:\/\/webelrapsoda.diario@gmail.com\" target=\"_blank\">\n\t\t\t\t\t\t<span class=\"elementor-screen-only\">Envelope<\/span>\n\t\t\t\t\t\t<i aria-hidden=\"true\" class=\"fas fa-envelope\"><\/i>\t\t\t\t\t<\/a>\n\t\t\t\t<\/span>\n\t\t\t\t\t<\/div>\n\t\t\t\t\t\t<\/div>\n\t\t\t\t<\/div>\n\t\t\t\t\t<\/div>\n\t\t<\/div>\n\t\t\t\t\t<\/div>\n\t\t<\/section>\n\t\t\t\t<\/div>\n\t\t","protected":false},"excerpt":{"rendered":"<p>Contactanos o escribenos (55) 57-42-92-48 solo v\u00eda WHATSapp (55) 40-56-04-25 gdorianeditorial@gmail.com Rio blanco#309-bis,col.Ampliaci\u00f3n vicente villada,cd.nezahualc\u00f3yotl,estado de m\u00e9xico Nuestras redes sociales Facebook-f Twitter Envelope<\/p>\n","protected":false},"author":1,"featured_media":0,"parent":0,"menu_order":0,"comment_status":"closed","ping_status":"closed","template":"elementor_header_footer","meta":{"footnotes":""},"class_list":["post-138","page","type-page","status-publish"],"yoast_head":"<!-- This site is optimized with the Yoast SEO plugin v27.3 - https:\/\/yoast.com\/product\/yoast-seo-wordpress\/ -->\n<title>Diario el rapsoda - CONTACTANOS - An\u00fanciate aqu\u00ed cont\u00e1ctanos<\/title>\n<meta name=\"description\" content=\"Te invitamos a anunciar tus servicios con nosotros en el DIARIO EL RAPSODA . Cont\u00e1ctanos- Edo Mex -Noticias\" \/>\n<meta name=\"robots\" content=\"index, follow, max-snippet:-1, max-image-preview:large, max-video-preview:-1\" \/>\n<link rel=\"canonical\" href=\"https:\/\/diarioelrapsoda.com\/index.php\/directorio\/\" \/>\n<meta property=\"og:locale\" content=\"es_MX\" \/>\n<meta property=\"og:type\" content=\"article\" \/>\n<meta property=\"og:title\" content=\"Diario el rapsoda - CONTACTANOS - An\u00fanciate aqu\u00ed cont\u00e1ctanos\" \/>\n<meta property=\"og:description\" content=\"Te invitamos a anunciar tus servicios con nosotros en el DIARIO EL RAPSODA . Cont\u00e1ctanos- Edo Mex -Noticias\" \/>\n<meta property=\"og:url\" content=\"https:\/\/diarioelrapsoda.com\/index.php\/directorio\/\" \/>\n<meta property=\"og:site_name\" content=\"Diario el rapsoda\" \/>\n<meta property=\"article:modified_time\" content=\"2023-11-17T18:49:17+00:00\" \/>\n<meta name=\"twitter:card\" content=\"summary_large_image\" \/>\n<meta name=\"twitter:label1\" content=\"Tiempo de lectura\" \/>\n\t<meta name=\"twitter:data1\" content=\"1 minuto\" \/>\n<script type=\"application\/ld+json\" class=\"yoast-schema-graph\">{\"@context\":\"https:\\\/\\\/schema.org\",\"@graph\":[{\"@type\":\"WebPage\",\"@id\":\"https:\\\/\\\/diarioelrapsoda.com\\\/index.php\\\/directorio\\\/\",\"url\":\"https:\\\/\\\/diarioelrapsoda.com\\\/index.php\\\/directorio\\\/\",\"name\":\"Diario el rapsoda - CONTACTANOS - An\u00fanciate aqu\u00ed cont\u00e1ctanos\",\"isPartOf\":{\"@id\":\"https:\\\/\\\/diarioelrapsoda.com\\\/#website\"},\"datePublished\":\"2021-02-10T01:43:57+00:00\",\"dateModified\":\"2023-11-17T18:49:17+00:00\",\"description\":\"Te invitamos a anunciar tus servicios con nosotros en el DIARIO EL RAPSODA . Cont\u00e1ctanos- Edo Mex -Noticias\",\"breadcrumb\":{\"@id\":\"https:\\\/\\\/diarioelrapsoda.com\\\/index.php\\\/directorio\\\/#breadcrumb\"},\"inLanguage\":\"es\",\"potentialAction\":[{\"@type\":\"ReadAction\",\"target\":[\"https:\\\/\\\/diarioelrapsoda.com\\\/index.php\\\/directorio\\\/\"]}]},{\"@type\":\"BreadcrumbList\",\"@id\":\"https:\\\/\\\/diarioelrapsoda.com\\\/index.php\\\/directorio\\\/#breadcrumb\",\"itemListElement\":[{\"@type\":\"ListItem\",\"position\":1,\"name\":\"Inicio\",\"item\":\"https:\\\/\\\/diarioelrapsoda.com\\\/\"},{\"@type\":\"ListItem\",\"position\":2,\"name\":\"CONTACTANOS\"}]},{\"@type\":\"WebSite\",\"@id\":\"https:\\\/\\\/diarioelrapsoda.com\\\/#website\",\"url\":\"https:\\\/\\\/diarioelrapsoda.com\\\/\",\"name\":\"Diario el rapsoda\",\"description\":\"\",\"publisher\":{\"@id\":\"https:\\\/\\\/diarioelrapsoda.com\\\/#organization\"},\"potentialAction\":[{\"@type\":\"SearchAction\",\"target\":{\"@type\":\"EntryPoint\",\"urlTemplate\":\"https:\\\/\\\/diarioelrapsoda.com\\\/?s={search_term_string}\"},\"query-input\":{\"@type\":\"PropertyValueSpecification\",\"valueRequired\":true,\"valueName\":\"search_term_string\"}}],\"inLanguage\":\"es\"},{\"@type\":\"Organization\",\"@id\":\"https:\\\/\\\/diarioelrapsoda.com\\\/#organization\",\"name\":\"Diario el rapsoda\",\"url\":\"https:\\\/\\\/diarioelrapsoda.com\\\/\",\"logo\":{\"@type\":\"ImageObject\",\"inLanguage\":\"es\",\"@id\":\"https:\\\/\\\/diarioelrapsoda.com\\\/#\\\/schema\\\/logo\\\/image\\\/\",\"url\":\"https:\\\/\\\/diarioelrapsoda.com\\\/wp-content\\\/uploads\\\/2021\\\/02\\\/LOGO-RAPSODA-A-COLOR-scaled.jpg\",\"contentUrl\":\"https:\\\/\\\/diarioelrapsoda.com\\\/wp-content\\\/uploads\\\/2021\\\/02\\\/LOGO-RAPSODA-A-COLOR-scaled.jpg\",\"width\":2560,\"height\":446,\"caption\":\"Diario el rapsoda\"},\"image\":{\"@id\":\"https:\\\/\\\/diarioelrapsoda.com\\\/#\\\/schema\\\/logo\\\/image\\\/\"}}]}<\/script>\n<!-- \/ Yoast SEO plugin. -->","yoast_head_json":{"title":"Diario el rapsoda - CONTACTANOS - An\u00fanciate aqu\u00ed cont\u00e1ctanos","description":"Te invitamos a anunciar tus servicios con nosotros en el DIARIO EL RAPSODA . Cont\u00e1ctanos- Edo Mex -Noticias","robots":{"index":"index","follow":"follow","max-snippet":"max-snippet:-1","max-image-preview":"max-image-preview:large","max-video-preview":"max-video-preview:-1"},"canonical":"https:\/\/diarioelrapsoda.com\/index.php\/directorio\/","og_locale":"es_MX","og_type":"article","og_title":"Diario el rapsoda - CONTACTANOS - An\u00fanciate aqu\u00ed cont\u00e1ctanos","og_description":"Te invitamos a anunciar tus servicios con nosotros en el DIARIO EL RAPSODA . Cont\u00e1ctanos- Edo Mex -Noticias","og_url":"https:\/\/diarioelrapsoda.com\/index.php\/directorio\/","og_site_name":"Diario el rapsoda","article_modified_time":"2023-11-17T18:49:17+00:00","twitter_card":"summary_large_image","twitter_misc":{"Tiempo de lectura":"1 minuto"},"schema":{"@context":"https:\/\/schema.org","@graph":[{"@type":"WebPage","@id":"https:\/\/diarioelrapsoda.com\/index.php\/directorio\/","url":"https:\/\/diarioelrapsoda.com\/index.php\/directorio\/","name":"Diario el rapsoda - CONTACTANOS - An\u00fanciate aqu\u00ed cont\u00e1ctanos","isPartOf":{"@id":"https:\/\/diarioelrapsoda.com\/#website"},"datePublished":"2021-02-10T01:43:57+00:00","dateModified":"2023-11-17T18:49:17+00:00","description":"Te invitamos a anunciar tus servicios con nosotros en el DIARIO EL RAPSODA . Cont\u00e1ctanos- Edo Mex -Noticias","breadcrumb":{"@id":"https:\/\/diarioelrapsoda.com\/index.php\/directorio\/#breadcrumb"},"inLanguage":"es","potentialAction":[{"@type":"ReadAction","target":["https:\/\/diarioelrapsoda.com\/index.php\/directorio\/"]}]},{"@type":"BreadcrumbList","@id":"https:\/\/diarioelrapsoda.com\/index.php\/directorio\/#breadcrumb","itemListElement":[{"@type":"ListItem","position":1,"name":"Inicio","item":"https:\/\/diarioelrapsoda.com\/"},{"@type":"ListItem","position":2,"name":"CONTACTANOS"}]},{"@type":"WebSite","@id":"https:\/\/diarioelrapsoda.com\/#website","url":"https:\/\/diarioelrapsoda.com\/","name":"Diario el rapsoda","description":"","publisher":{"@id":"https:\/\/diarioelrapsoda.com\/#organization"},"potentialAction":[{"@type":"SearchAction","target":{"@type":"EntryPoint","urlTemplate":"https:\/\/diarioelrapsoda.com\/?s={search_term_string}"},"query-input":{"@type":"PropertyValueSpecification","valueRequired":true,"valueName":"search_term_string"}}],"inLanguage":"es"},{"@type":"Organization","@id":"https:\/\/diarioelrapsoda.com\/#organization","name":"Diario el rapsoda","url":"https:\/\/diarioelrapsoda.com\/","logo":{"@type":"ImageObject","inLanguage":"es","@id":"https:\/\/diarioelrapsoda.com\/#\/schema\/logo\/image\/","url":"https:\/\/diarioelrapsoda.com\/wp-content\/uploads\/2021\/02\/LOGO-RAPSODA-A-COLOR-scaled.jpg","contentUrl":"https:\/\/diarioelrapsoda.com\/wp-content\/uploads\/2021\/02\/LOGO-RAPSODA-A-COLOR-scaled.jpg","width":2560,"height":446,"caption":"Diario el rapsoda"},"image":{"@id":"https:\/\/diarioelrapsoda.com\/#\/schema\/logo\/image\/"}}]}},"_links":{"self":[{"href":"https:\/\/diarioelrapsoda.com\/index.php\/wp-json\/wp\/v2\/pages\/138","targetHints":{"allow":["GET"]}}],"collection":[{"href":"https:\/\/diarioelrapsoda.com\/index.php\/wp-json\/wp\/v2\/pages"}],"about":[{"href":"https:\/\/diarioelrapsoda.com\/index.php\/wp-json\/wp\/v2\/types\/page"}],"author":[{"embeddable":true,"href":"https:\/\/diarioelrapsoda.com\/index.php\/wp-json\/wp\/v2\/users\/1"}],"replies":[{"embeddable":true,"href":"https:\/\/diarioelrapsoda.com\/index.php\/wp-json\/wp\/v2\/comments?post=138"}],"version-history":[{"count":56,"href":"https:\/\/diarioelrapsoda.com\/index.php\/wp-json\/wp\/v2\/pages\/138\/revisions"}],"predecessor-version":[{"id":3974,"href":"https:\/\/diarioelrapsoda.com\/index.php\/wp-json\/wp\/v2\/pages\/138\/revisions\/3974"}],"wp:attachment":[{"href":"https:\/\/diarioelrapsoda.com\/index.php\/wp-json\/wp\/v2\/media?parent=138"}],"curies":[{"name":"wp","href":"https:\/\/api.w.org\/{rel}","templated":true}]}}